 number?
True
Is 17959334233 a prime number?
False
Is 31022771131 prime?
False
Is 8762239697 composite?
False
Is 3737737229 a prime number?
True
Is 22010221643 a prime number?
True
Is 2318071211 composite?
False
Is 81137324683 a composite number?
True
Is 1038796859 prime?
False
Is 5934384751 composite?
False
Is 15444878297 a composite number?
True
Is 359062127 composite?
True
Is 1435569923 composite?
False
Is 5036499563 a prime number?
True
Is 2017638073 a composite number?
True
Is 1019044643 a prime number?
False
Is 1261679011 a composite number?
False
Is 3532500107 a composite number?
True
Is 53192644027 prime?
False
Is 9342099443 a prime number?
False
Is 4794895145 prime?
False
Is 4609023017 composite?
True
Is 3859253807 composite?
False
Is 2830390501 composite?
False
Is 43953334951 composite?
False
Is 929456313 a composite number?
True
Is 1992043121 a prime number?
True
Is 233962902997 a composite number?
False
Is 17948699971 a composite number?
True
Is 246513401 a prime number?
False
Is 633750619 composite?
False
Is 17967897407 prime?
True
Is 1549994129 a prime number?
True
Is 5894299 a prime number?
False
Is 12084291833 prime?
False
Is 298901839 prime?
True
Is 307075103 composite?
False
Is 54423612419 prime?
False
Is 1563544579 a composite number?
True
Is 11014054399 composite?
False
Is 72906057163 prime?
False
Is 143246101321 a composite number?
False
Is 21431116999 a composite number?
True
Is 8481730517 a composite number?
True
Is 653642849 composite?
False
Is 722019737 prime?
True
Is 10130094137 a prime number?
False
Is 2986060393 a composite number?
True
Is 744704377 a prime number?
True
Is 26361547237 a prime number?
True
Is 7619710883 a composite number?
False
Is 331508147 a composite number?
False
Is 143766786857 composite?
False
Is 597016121 a prime number?
False
Is 278224013 a prime number?
False
Is 175914047 a prime number?
True
Is 743910859 composite?
False
Is 817588529 a composite number?
False
Is 357451739 a prime number?
False
Is 1474133723 composite?
True
Is 881239657 a prime number?
True
Is 2128216333 prime?
False
Is 14238650161 a composite number?
True
Is 1888828127 prime?
True
Is 708606811 composite?
True
Is 3438281189 composite?
True
Is 89677706501 prime?
True
Is 13146069803 a composite number?
True
Is 246614952965 a prime number?
False
Is 3025671833 a composite number?
False
Is 49316217679 composite?
False
Is 8567393689 a prime number?
True
Is 78649887469 prime?
True
Is 59014416817 a composite number?
True
Is 2510217519 a composite number?
True
Is 1077612197 composite?
True
Is 634495151 composite?
True
Is 6195601127 prime?
False
Is 854074103 prime?
True
Is 2469828083 a composite number?
False
Is 3429654311 a composite number?
False
Is 91230255827 a composite number?
False
Is 9214719461 prime?
False
Is 7021668917 a composite number?
True
Is 41794518247 a composite number?
False
Is 67338375161 prime?
False
Is 819059413 a composite number?
False
Is 1163083921 composite?
True
Is 6280461731 composite?
True
Is 334409168287 composite?
False
Is 21106069837 a composite number?
True
Is 7167774281 a prime number?
False
Is 11295635453 composite?
False
Is 8237364559 prime?
True
Is 57754820611 a prime number?
False
Is 815859199 a composite number?
True
Is 2623762861 a prime number?
False
Is 1238961803 composite?
False
Is 5051093029 a prime number?
True
Is 2355161063 composite?
False
Is 73446871 a prime number?
True
Is 2728754363 composite?
False
Is 2156475961 a prime number?
True
Is 969779761 a composite number?
True
Is 11323082618 a prime number?
False
Is 4560766073 prime?
False
Is 3275400419 composite?
False
Is 2044172759 a composite number?
False
Is 83661343 a prime number?
False
Is 3664816607 a prime number?
False
Is 420792137 a prime number?
False
Is 16905683537 composite?
True
Is 5742376699 a composite number?
False
Is 38973816649 a composite number?
False
Is 307339597 composite?
True
Is 16024909963 a composite number?
True
Is 1456747601 composite?
False
Is 5292456153 a prime number?
False
Is 181149413 composite?
True
Is 473526727 a prime number?
False
Is 7000453549 a prime number?
True
Is 211347889 a composite number?
False
Is 60500107247 composite?
False
Is 582686063 composite?
True
Is 11677332259 prime?
True
Is 209784559 composite?
False
Is 8133955637 a composite number?
True
Is 9379568167 composite?
True
Is 375973667 composite?
True
Is 4633181633 composite?
False
Is 38784630311 composite?
True
Is 731076529 a prime number?
True
Is 1472623 a prime number?
True
Is 651991279 a prime number?
True
Is 17629184301 a prime number?
False
Is 15821192139 prime?
False
Is 124535093 composite?
True
Is 20824116041 a prime number?
True
Is 194929775567 composite?
False
Is 275022259 a composite number?
False
Is 655846939 a prime number?
False
Is 1743072789 a composite number?
True
Is 1727513441 prime?
False
Is 5322207577 a prime number?
True
Is 859256929 a prime number?
True
Is 9668604971 a prime number?
True
Is 111770873941 a prime number?
False
Is 19162117706 a composite number?
True
Is 273536189 a prime number?
False
Is 1363407907 a composite number?
False
Is 6638447957 a composite number?
True
Is 929863699 a prime number?
True
Is 14261108131 prime?
True
Is 272148289 a prime number?
False
Is 3478462453 prime?
False
Is 250955459 prime?
False
Is 13493497079 a composite number?
True
Is 101027933 composite?
True
Is 150288508697 composite?
False
Is 628262911 composite?
True
Is 2859434527 composite?
True
Is 217953607 a prime number?
True
Is 65988431 prime?
False
Is 673026023 prime?
False
Is 625158427 a composite number?
False
Is 23982219545 a prime number?
False
Is 356101561 a composite number?
False
Is 6271880711 composite?
False
Is 447845179 composite?
True
Is 6764455793 composite?
False
Is 130136159 prime?
False
Is 54234917809 a prime number?
True
Is 2330974097 prime?
True
Is 9181387823 a prime number?
False
Is 197187691 a prime number?
True
Is 3154401319 composite?
False
Is 2293160339 a composite number?
False
Is 1658347927 composite?
False
Is 61542173023 composite?
True
Is 2480902549 prime?
False
Is 52116243701 a prime number?
True
Is 24312598619 a prime number?
True
Is 3533667497 composite?
False
Is 8086193077 a composite number?
True
Is 229272781 a prime number?
True
Is 311044693 prime?
False
Is 2292222641 a prime number?
True
Is 991679747 prime?
False
Is 22063191211 composite?
True
Is 15567580421 a prime number?
True
Is 132886409 a prime number?
False
Is 113806742599 a prime number?
False
Is 231021714998 composite?
True
Is 5926387513 prime?
True
Is 6690887 composite?
True
Is 29744568281 prime?
False
Is 91765559 composite?
False
Is 12615972769 a composite number?
True
Is 6835963061 a composite number?
True
Is 44056004134 composite?
True
Is 18474339727 a prime number?
True
Is 2471527081 a composite number?
True
Is 468257407 prime?
False
Is 6186963283 prime?
True
Is 741222343 a composite number?
False
Is 197635683077 prime?
False
Is 1200225757 composite?
True
Is 11107442477 prime?
True
Is 9698304379 a prime number?
False
Is 1213619369 a composite number?
False
Is 52357929407 a composite number?
True
Is 4733574523 prime?
True
Is 55703930431 a composite number?
True
Is 862190959 a composite number?
True
Is 173889587413 a prime number?
True
Is 463453163 a composite number?
False
Is 2548081561 composite?
True
Is 31036511471 a prime number?
False
Is 4635981079 composite?
True
Is 1622146457 a composite number?
False
Is 2145671149 prime?
True
Is 5078728973 a composite number?
True
Is 1957461433 prime?
False
Is 1430364491 composite?
False
Is 86057537099 composite?
False
Is 36875736761 a composite number?
False
Is 8813867 composite?
False
Is 100682873 a composite number?
False
Is 32814268771 prime?
False
Is 5410524373 prime?
False
Is 6711599471 a prime number?
True
Is 31866381574 composite?
True
Is 419812897 a prime number?
False
Is 36767353537 a prime number?
True
Is 2853953611 a prime number?
True
Is 330411139 prime?
True
Is 1064849189 prime?
True
Is 364156771 a prime number?
False
Is 141904780529 a composite number?
False
Is 1303713487 prime?
False
Is 71745157 composite?
True
Is 10466919031 composite?
False
Is 22456199333 a composite number?
False
Is 2955864271 a prime number?
True
Is 372824154697 a composite number?
True
Is 550607881 comp